 be g(-14). Suppose k*v = 29 - 9. Is 2/(-6) + v + (-8780)/(-15) a prime number?
True
Let i = -215510 - -344547. Is i composite?
False
Let n(c) = -79*c + 21. Let x be n(-3). Suppose -3*j + 9270 = -3*y, 4*j = -5*y + 12111 + x. Is j a prime number?
False
Suppose -185593 = 1385*m - 1386*m. Is m prime?
True
Let i(y) = 55*y - 1637. Is i(42) prime?
True
Suppose 8*s = 18*s - 73110. Is s prime?
False
Let y be (-5)/5 - 1*-9. Let t be 8/y - (1 + -2). Suppose -3*p = b - t*b - 215, -b = 3*p - 211. Is p a prime number?
True
Let m be 2 - (0 + 3/9)*-9. Suppose -2*n - 3*t = -m*t - 26, 2*t - 37 = -5*n. Let v(w) = 231*w + 22. Is v(n) composite?
True
Suppose 27 = -3*k + 6*k. Is 24682/16 + k/24 a prime number?
True
Suppose 277*t - 288*t + 22 = 0. Is ((-63)/(-7) - -8754)*t/6 composite?
True
Let v be 4/((1/2)/(1/4)). Suppose -v*q + 1214 + 1040 = 0. Suppose 3*k + r = 672, 0*k - 4*r = 5*k - q. Is k prime?
True
Let o(h) = 7*h - 107. Let j be o(17). Is 33202/j + (-13)/(-78) a composite number?
False
Suppose -16 = -4*g + 16. Suppose g*s - 7328 = 4*s. Let q = s + -823. Is q a prime number?
True
Let c(w) = -14482*w + 583. Is c(-4) a prime number?
True
Suppose -5*h = 3*i - 1033864, h - 112460 = -3*i + 94296. Is h a composite number?
True
Let b(j) be the second derivative of 17*j**4/12 + 2*j**3 - 5*j**2 - 57*j. Is b(-13) composite?
False
Let h be ((-628)/6)/(10/(-405)). Suppose 5*g + 4*g = h. Is g prime?
False
Suppose -3*t + 3 = -2*t + 3*i, -3*t - 4*i + 19 = 0. Let k(y) = 33*y**3 - 7 + 39*y**3 + t*y + 32*y**3 - 18*y**2 - 107*y**3. Is k(-9) composite?
False
Let k be 3/(-15) - 1/(-5). Suppose 4*f - 923 - 4721 = k. Suppose -6*w = -f - 2627. Is w a composite number?
False
Suppose 15*m - 17 + 2 = 0. Is m + ((-30)/15)/(1/(-194)) composite?
False
Let w(t) be the second derivative of 157*t**4/12 + 2*t**3/3 - 43*t**2 - 283*t. Is w(9) a composite number?
True
Let h be 83 - (-4)/(-2) - 4/2. Let d = h - 74. Suppose -i - d*w + 1394 = 0, 2*w - 712 = -4*i + 4882. Is i a composite number?
False
Suppose -74*b = -141*b + 83*b - 298784. Is b a prime number?
False
Suppose -3*f = 6, y - 3*f + 2*f - 2242 = 0. Let j = y - 1573. Is j a prime number?
False
Suppose -5*o = -5*t + 380, -118 = 3*o - t + 116. Let a = o + 82. Suppose 5*s - 10 = 0, 0 = 5*g - a*s - s - 2397. Is g composite?
True
Suppose -5*i = -26*w + 43*w - 88567, -2*w = -3*i + 53067. Is i a prime number?
False
Let f(m) = 65*m**3 - 27*m**2 - 27*m - 8. Is f(9) a prime number?
False
Suppose 0 = 3*o - 3*m - 3423, 5687 = 5*o - 2*m + 3*m. Suppose -6*n + n = -3*d + 3404, -d + n = -o. Let u = d + -94. Is u prime?
True
Suppose 3*t = t + 2. Let z(j) = -2365*j**2 + j. Let s be z(t). Let r = s - -4303. Is r prime?
False
Suppose 15 = -3*y - 4*g, -19*g + 15*g - 12 = 0. Let m(b) = 2760*b**2 - 10*b - 9. Is m(y) composite?
True
Let q = 38 + -18. Let y be 1/4 + q/(-80). Is 5*(157/5 - y) a prime number?
True
Let q(j) be the second derivative of 35*j**3/2 - 7*j**2 + 52*j. Let d(x) = x**2 + 11. Let o be d(0). Is q(o) a composite number?
True
Let o(y) be the second derivative of 7*y**4/3 - 3*y**3/2 - 27*y**2/2 + 80*y. Is o(8) a composite number?
False
Let r = 88951 + -63374. Is r a prime number?
True
Suppose -19*i - 24*i = -1831155. Is (-12)/(-22) + i/33 a composite number?
False
Suppose 6*w - 17 = 73. Let s(v) = 4*v**3 + 26*v**2 - 68*v - 29. Is s(w) prime?
True
Let s(g) = 1. Let q(r) = 87*r - 4. Let j(c) = q(c) - 4*s(c). Suppose 2*a - 4*p = -2*p + 2, -4*p = -4. Is j(a) composite?
True
Let j = -2170 + 13393. Suppose 8*i = j - 2655. Suppose -g = 5*h - 1077, 7*h - i = 2*h + 2*g. Is h prime?
False
Suppose 6*a - 9396 = 5190. Suppose a = 6*i - 1439. Suppose -3*c + 448 - 59 = -2*o, 4*o + i = 5*c. Is c a composite number?
True
Suppose 0 = 6*c - 8*c + 36. Let b be 2/2*(c - -45). Is (-2 - 95)/((-9)/b) a composite number?
True
Suppose -5*j + 20 = 3*u, -2*u = 5*j - 10*j + 20. Suppose -8*i + 12 = -j. Is i/4 - 133/(-2) prime?
True
Let z(l) = 54*l**2 + 12*l + 38. Let g be z(-9). Suppose 0 = -k - g + 17865. Is k prime?
False
Let z be 8/(-2) + (-2 - -4)*-414. Let f = z - -1043. Is f composite?
False
Suppose 24 = -6*g + 36. Suppose 4*j - 89912 = 2*r - 3362, 0 = 5*j - g*r - 108185. Is j a prime number?
False
Suppose 12 = 4*a - 2*a. Let c be (0 + -1)/a + (-104)/(-48). Suppose -c*z - 4*h = -h - 7651, -3806 = -z + 5*h. Is z prime?
True
Let f(n) = n. Let r(s) = 53*s + 18. Let p(k) = -6*f(k) + r(k). Let d be p(-10). Is 8/4 - d*1 prime?
False
Suppose q + a = 6*a + 7, 5*a = -q + 7. Suppose 0 = 3*p - 2*t - 8898, 5*t + 2974 = p + q*t. Suppose -6*h = -p + 58. Is h a prime number?
False
Let u(l) = 123*l + 21. Let f(c) = -c. Let v(d) = -2*f(d) - u(d). Let h be v(6). Let q = -488 - h. Is q prime?
False
Suppose 19*d + 3724096 = 55929123. Is d composite?
True
Let c(i) = 4*i**2 + 2*i - 19 - 5*i**2 - i. Let n be c(10). Let t = 74 - n. Is t prime?
False
Let l(m) = 6932*m**2 + 101*m - 197. Is l(2) composite?
False
Let z(p) = p**2 + 14*p + 13. Let c be z(-6). Let y = -221 + c. Let d = -141 - y. Is d a prime number?
False
Let x(i) be the first derivative of 10361*i**2/2 - 165. Is x(1) composite?
True
Let n(q) = -455*q**2 - q + 4*q + 7 - 47*q**3 + 453*q**2. Is n(-4) prime?
True
Let b = -27011 + -20276. Let q = 73122 + b. Is q a prime number?
False
Suppose 5*d = -5*b + 117575, d = -b + 3*b - 47024. Is b a prime number?
False
Suppose 54*p - 10749 = 53*p. Let z = -6859 + p. Is (6/(-15))/(3888/z - 1) a composite number?
True
Is (-2026691)/(-69) - 6*2/9 prime?
False
Suppose 10*h - 27602 = 47648. Is 9 + 18/(-6) + h a prime number?
False
Is (-24)/(-5) - 5 - (-1464512)/35 a composite number?
False
Let j(x) = x**3 + 22*x**2 + 22*x + 21. Let i be j(-21). Suppose -2*v - 2 = i, 5*v = 5*f - 0*f - 5760. Is f composite?
False
Let l be (-56)/42*(-27261)/(-6). Let u = 961 - l. Is u a prime number?
True
Let b = 1093 - 1828. Suppose -n - 29*n - 13521 - 41559 = 0. Let w = b - n. Is w a composite number?
True
Let k(q) be the third derivative of q**5/60 + q**4 - 209*q**3/6 + 4*q**2 + 3*q. Is k(-32) a prime number?
True
Let u(c) = c**3 - 21*c**2 + 21*c - 17. Let v(y) = y**3 + 3*y**2 - 10*y - 4. Let x be v(-4). Let d be u(x). Suppose -284 = -d*s + 1222. Is s composite?
True
Suppose -173*a = -174*a + 4. Suppose -3656 = -2*d - 2*k, a*d - 4*k + 9*k = 7309. Is d a composite number?
False
Let z = -1137 - -1142. Suppose 6 = k + 2. Suppose 0 = 3*m - 6*m - z*i + 282, -4*m = -k*i - 344. Is m a prime number?
True
Is (-10 + -21)*-1*449 + -6 prime?
True
Let v(m) = 13*m**2 + 107*m + 221. Is v(98) composite?
False
Let x = -1 + 31. Let g(d) = x*d - 4 - 82*d - 15. Is g(-6) a composite number?
False
Suppose -18*d + 915027 + 325508 = -89467. Is d prime?
False
Suppose -d + u + 5174 + 13481 = 0, 3*u + 37305 = 2*d. Let w = d + -8291. Is w a composite number?
False
Let f = 5121 + -12545. Let z = f - -11315. Is z a prime number?
False
Let s = -19 + 97. Is s/52 + 32206/8*2 composite?
False
Suppose 26 = 8*a - 14. Suppose a*p + 4*p - 18 = 0. Suppose p*r - 5*l = 2638, 3*l = 10*r - 6*r - 5276. Is r a composite number?
False
Let k = 116176 - 69279. Is k a composite number?
True
Let y(b) = 1220*b**2 - 6*b + 11. Let n be y(3). Let x = 15942 - n. Is x composite?
False
Let g = -2248 - -3329. Is g composite?
True
Let f(c) = -751*c + 2. Let i be f(-2). Let d = -560 - -565. Suppose 4*z = 4*t - i, d*t + 4*z = 473 + 1434. Is t a prime number?
True
Suppose -5*l = 40*l + 21*l - 49038. Is l prime?
True
Suppose -2*f + 10 = 4*u, 6*f - 3*u - 60 = 3*f. Suppose -f*a = 3770 - 32945. Is a prime?
False
Let p be 510/4 + -3*4/24. Let u(q) = p - q - 5*q + 2*q. Is u(0) composite?
False
Suppose -h + 139 = 2*w - 14724, -5*h - 5*w + 74305 = 0. Suppose -14*u - h = -23*u. Is u a composite number?
True
Let c = 3776 - 9596. Let g = c - -8415. Let l = g + -1444. Is l composite?
False
Let i be (-207)/7 + -2 + (-64)/(-112). Let s(t) = -39*t + 158. Is s(i) a composite number?
False
Let c(v) = 43*v + 271. Let r be c(-7). Is ((-6)/4)/(r/137140) a composite number?
False
Suppose f - 1091 = -4*s - 5994, 0 = -2*f - 4*s - 9814. Let q = f - -8714. Is q a prime number?
True
Let o(y) = -1260*y + 71. Suppose -4*g - 13 - 11 = -4*z, 2*z = -6. Is o(g) composite?
False
Let m be 1/4 - (-11)/4. Suppose -m*w = -6, 4*w = -2*b - w + 684. Is b a composite number?
False
Let a = 38 + 161. Suppose -1043